e remainder when 124/(l + 3 + -6) is divided by 22.
18
Suppose 0 = 13*u - 16*u + 144. Suppose -156 = -5*r - 7*r. Calculate the remainder when u is divided by r.
9
Suppose -5*x = w + 1, 4*w = 2*w - 4*x + 4. What is the remainder when 1/2*2 - -5 is divided by w?
2
Suppose -19*w + 2*w + 3298 = 0. What is the remainder when w is divided by 33?
29
Let v(g) = -17*g + 594. Suppose -s + 3*k - 17 + 52 = 0, -5*k = 4*s - 89. What is the remainder when v(29) is divided by s?
23
Suppose -3*x + 5*v = -0*x - 286, -3*v = -5*x + 466. Let d be 1 + 1 + (-8 - (9 - -4)). Let c = d + 43. Calculate the remainder when x is divided by c.
20
What is the remainder when 6 is divided by (9/(-2))/((-27)/36)?
0
What is the remainder when (-11844)/(-78) + 22/143 is divided by 55?
42
Let k = -38 - -38. Suppose 0 = 3*y - 6, -5*y + k*y = 3*q - 91. What is the remainder when q is divided by 14?
13
What is the remainder when 41 is divided by (2 + -95)*(-6)/18?
10
Suppose -i = -5*a + 976, a - 191 = -4*i - 0*i. Suppose 3*w = a + 210. Calculate the remainder when w is divided by 34.
33
What is the remainder when 947 is divided by 118/3 + (-252)/189?
35
Let t = 78 - 78. Suppose -3*r - 4*n = -27, t*n - 4*n - 77 = -5*r. What is the remainder when 61 is divided by r?
9
Suppose 5*t - 18 - 7 = 5*n, 3*n + 8 = -4*t. Let o be -3 + -3 + n - 1. What is the remainder when 30 is divided by -3*o/3*1?
8
Suppose 9*o + 21 = -33. Let x(h) = -h**3 - 3*h**2 + 3*h + 2. Calculate the remainder when x(o) is divided by 12.
8
Suppose -45*m + q + 382 = -42*m, -m = 5*q - 106. What is the remainder when m is divided by 33?
27
Let r = 113 + 36. Calculate the remainder when r is divided by 75.
74
Suppose -6*f = -85 - 11. Calculate the remainder when 16 is divided by f.
0
Let r(i) = -i**2 + 26*i - 111. What is the remainder when r(18) is divided by 12?
9
Let v(g) = g**2 + 4*g + 1827. Calculate the remainder when v(0) is divided by 30.
27
Suppose 8 = 5*d - 42. What is the remainder when 22 is divided by d?
2
Suppose 2*n - 232 = 72. Calculate the remainder when n is divided by 22.
20
Let v = -11 + 70. Suppose 5*b + 13 = d, 5*d - 4*b = 26 - 3. Suppose -65 = -d*i - 5. Calculate the remainder when v is divided by i.
19
Suppose 0*a = -3*a. Suppose -g - 3*m + 10 = 0, a*m - 4*m = -2*g. What is the remainder when 5 is divided by g?
1
What is the remainder when -6*((-161)/14 + 4) is divided by 10?
5
Let b = -2768 - -2791. Suppose f - 62 = 96. Calculate the remainder when f is divided by b.
20
Let g = 88 - 92. Let p(b) = -10*b - 3. Let s be p(5). Calculate the remainder when 32 is divided by s/(-3) - g/(-6).
15
Let o be (3 - -2)*8/2. What is the remainder when ((-32)/o)/(1/(-5)) is divided by (0 - 4/(-3)) + (-460)/(-276)?
2
Suppose 3*a - 28 = -2*j - 9, -a - 3 = -4*j. What is the remainder when 169 is divided by j?
1
Suppose -4*n + 0*j = 2*j + 2, -j = -3*n + 6. Let s(k) = 65*k**2 + 2*k. Calculate the remainder when s(n) is divided by 34.
33
Let f(x) = x**2 - 9*x + 20. Let w be f(5). Suppose 0 = -q - 0*q - 2. Calculate the remainder when 11 is divided by 3 - w/(-3 - q).
2
Calculate the remainder when 197 is divided by 58*(-7 - 135/(-18)).
23
Let a = 9 + 1. Calculate the remainder when 96 is divided by a.
6
Suppose -j = 4*q + 2, -j = 4*q - 3*q - 7. Let k = 20 + j. Suppose 2*n - m = 25, 0 = -6*n + 4*n - 4*m + k. What is the remainder when n is divided by 7?
6
Let r = 61 - 52. Suppose -k + r*k - 328 = 0. Calculate the remainder when k is divided by 15.
11
Suppose -3*t - 3*v + 24 = -0*t, 2*t - 21 = -3*v. Suppose 0 = -2*l + t + 7. Calculate the remainder when (-3 - -2)*(-1 - 16) is divided by l.
2
Let c = 3030 + -2537. Calculate the remainder when c is divided by 38.
37
Let m = -34 - -42. Let i = 26 - 7. Calculate the remainder when 4/m*8 + 52 is divided by i.
18
Let j = -273 - -387. Suppose -7*t + t + j = 0. Calculate the remainder when 73 is divided by t.
16
Suppose 3 = 4*n - f, 2*n + 2*f + 2*f - 24 = 0. Suppose 13 + 9 = n*w. Suppose 47 = 2*t + w. Calculate the remainder when 51 is divided by t.
15
Suppose -3*b - 3*p = 2*b - 105, 2*p = -2*b + 42. Suppose -u + 2 = -b. Calculate the remainder when u is divided by 5.
3
Let v(d) = -2*d**3 + 7*d**2 + 10*d - 8. Let r be v(4). Let f(o) = o**2 - 15*o - 3. Calculate the remainder when 90 is divided by f(r).
12
Suppose 0 = 3*u, 6 + 5 = v - 3*u. Calculate the remainder when v is divided by (-16)/(-3) + (-2)/(-3).
5
Suppose -9 = -5*k + 21. Let d(g) = -g**3 + 5*g**2 + 6*g + 7. Let n be d(k). Suppose 0 = p - n*p + 300. What is the remainder when p is divided by 13?
11
Let z be 8/(-4) + -1 - 97. Calculate the remainder when (z/14)/(9/(-63)) is divided by 13.
11
Let m(l) = -l. Suppose -1464*s + 234 = -1451*s. What is the remainder when s is divided by m(-4)?
2
Let c = -1 - -35. Let f(k) = 2*k**3 + 12*k**2 - 2*k + 7. Calculate the remainder when c is divided by f(-6).
15
What is the remainder when 3*(-4 - 29/(-3)) is divided by 9?
8
Suppose -10*d = -9*d - 2. Calculate the remainder when d + -5 - (-26)/1 is divided by 6.
5
Let r = 34 + -39. Let q(i) = 3*i - 3. What is the remainder when 3*(r/3 + 3) is divided by q(2)?
1
Let d(m) = 13*m + 92. What is the remainder when d(9) is divided by 22?
11
Suppose 3*v - 29 - 58 = 0. What is the remainder when 45/(-6)*138/(-9) is divided by v?
28
Suppose 689 = -17*y - 144. Suppose 146 = -5*z + 2*t, 2*z + 9*t - 4*t = -41. Let x = z - y. What is the remainder when x is divided by 11?
10
Let t be 6*(-7)/2 + -2. Let x = t + 38. What is the remainder when 27 is divided by x?
12
Suppose 4*r = 4*x + 128, 6*x = -3*r + 4*x + 71. What is the remainder when 485 is divided by r?
26
Let j(b) = b**3 - 9*b**2 + 11*b - 6. Let u be j(7). Let x = u + 46. Suppose -5*v + 387 = 17. Calculate the remainder when v is divided by x.
17
Let x(k) = -2*k**3 + 2*k. Let j be -1 - -4 - (-20)/(-4). What is the remainder when 33 is divided by x(j)?
9
Let n = -755 + 763. Let f(p) = p**3 + 9*p**2 + 7*p - 10. What is the remainder when f(-7) is divided by n?
7
Let a be (7/(-2))/7*0. Let n be -1 + -11 + (a - 0). What is the remainder when ((-20)/(-12) + -3)*n is divided by 9?
7
Let x be (21*(-6)/9)/(-2). Suppose -88 = 3*v - x*v. Suppose -344 = -0*w - 4*w. What is the remainder when w is divided by v?
20
Suppose -4*t = -0*t - 56. What is the remainder when 66/t + 16/56 is divided by 3?
2
Suppose 34*r = 29*r + 2*a + 961, 203 = r + 5*a. What is the remainder when r is divided by 77?
39
Suppose -4*u + 1104 = 4*i + 144, 5*i = 4*u + 1173. What is the remainder when i is divided by 24?
21
Calculate the remainder when 101 is divided by (6/(-10))/(17/(-850)).
11
Suppose -27 = -2*h + 3*y, -4*h = h - y - 35. Let v be 4/((-8)/h) - -5. Let l(w) = 4*w - 1. Calculate the remainder when 13 is divided by l(v).
6
Suppose -41*i + 1474 = 26*i. What is the remainder when 42 is divided by i?
20
Let r = 1082 + -1078. Calculate the remainder when r is divided by 2.
0
Let t = 20 - 16. Let m(y) = 19 - 13 - 2*y + t + 13. Calculate the remainder when m(0) is divided by 12.
11
Calculate the remainder when 4768/(-16)*((-9)/6)/3 is divided by 76.
73
Let m = 37 - 43. Calculate the remainder when 56 is divided by 3/m*1/((-1)/38).
18
Suppose -4 = 4*a + 4*m, -5*m = 3*a - a + 11. Let q(h) = -h**2 - 7*h + 8. What is the remainder when q(-7) is divided by a?
0
Suppose 5*r + 0*r - 39 = -h, -20 = -4*r. Let w = 26 + -81. Let u = w + 95. What is the remainder when u is divided by h?
12
Let x = -1733 + 2786. Calculate the remainder when x is divided by 44.
41
What is the remainder when -72*(-4)/8 - (2 - 2) is divided by 31?
5
Suppose -1802 = -11*i - 6*i. Let s(f) = f**2 - 7*f + 3. Let r be s(7). Suppose r*q = i - 25. Calculate the remainder when q is divided by 14.
13
Suppose -4*o = -12, -3*y - 5*o = 2*y - 85. Let w(v) = 2*v + 145. What is the remainder when w(-11) is divided by y?
11
Suppose 17*n = 8*n + 234. What is the remainder when 67 is divided by n?
15
Let k(u) = u**2 + 4*u - 30. Let m(l) = 13*l**3 - 2*l - 3. Let t be m(-1). What is the remainder when k(t) is divided by 28?
26
Let d be 2 + 4 + 2 - 0. Let q be d/36 + 50/18. Suppose t = -4*f + 293, -q*f + 7*f - 302 = 2*t. Calculate the remainder when f is divided by 19.
17
Suppose t - 26 = k - 2*k, 3*t = -2*k + 56. What is the remainder when 1*3/((-3)/(-85)) is divided by k?
19
